he hundreds digit of 4/18 - (5 - (-2 + 324568/36))?
0
Suppose -91 = -3*d - 22. Suppose 19*f + 1848 = d*f. What is the hundreds digit of f?
4
Let n(g) = -g**3 + 7*g**2 - 2*g + 5. Let t be n(5). Let c = -41 + t. Suppose -2*m - 201 = -5*h, m + 125 - c = 3*h. What is the tens digit of h?
4
Let m(i) = 8*i - 29 + 99 + 36. What is the hundreds digit of m(27)?
3
Suppose -10*d - 10 = -0*d. What is the tens digit of (39 - 21) + (1 - (d + 1))?
1
Suppose 5*j - 3*w + 1625 = -1861, 0 = -j - w - 694. Let x = j - -1928. What is the thousands digit of x?
1
Suppose 4*u + a + 4*a + 464 = 0, 232 = -2*u - 5*a. Suppose -432 = 289*o + 3325. Let k = o - u. What is the hundreds digit of k?
1
Let k(s) = 3*s**2 + 8*s - 7. Let a be k(-5). Suppose -4*h - 4*r = -a, -3*r = h - 10 + 3. Suppose -6*p - h*p + 234 = 0. What is the units digit of p?
8
Suppose f = -8*s + 9*s + 1518, 4*f - 2*s - 6070 = 0. Let q = f + -440. Suppose 12*z - 435 = q. What is the units digit of z?
6
Let l = 152 + -123. Suppose -l + 89 = 3*p. Suppose -15*w - 40 = -p*w. What is the units digit of w?
8
Let j be 4176/(-14) + 2*4/28. What is the units digit of (-35)/(-45) + (-2)/(-9) - j?
9
Let q = -76 + 242. Suppose q = 2*o + 24. What is the tens digit of o?
7
Suppose 0 = -9*g - 6 + 51. Suppose g*j - 1025 = -4*r, j = 5*j + r - 820. What is the units digit of j?
5
Let x = 52 - 52. Suppose y - 154 - 391 = x. What is the hundreds digit of y?
5
Let g(k) = k**2 + 13*k + 10. Let w be g(-28). Suppose 0 = 434*i - w*i - 436. What is the tens digit of i?
0
Let x(y) = -y**3 + 7*y**2 - 12*y + 11. Let j be x(5). Let w be j/(-1)*12/(-3). Suppose -17 = -w*n + 143. What is the tens digit of n?
4
Let u(c) = 0 - 27 - 33 + 89*c - 26*c. What is the tens digit of u(4)?
9
Suppose -4*g = 2*p - 22150, 4*p + 39293 + 65852 = 19*g. What is the thousands digit of g?
5
Let o(f) = -1536*f + 6540. What is the tens digit of o(-28)?
4
Let f = -68 - -78. Let i be 134 - (-3)/((-6)/1)*0. Suppose 9*t - f*t = -i. What is the tens digit of t?
3
Let r be (2 - (3 + -1))*2/8. Suppose 0 = -2*l - l - 9, 3*j + l - 999 = r. Let q = -208 + j. What is the hundreds digit of q?
1
Let v be (-46)/(-10) - 28/(-70). What is the tens digit of (393 - -8) + (v - 1) - -4?
0
Suppose 15*m - 39108 = -12168. Suppose 0 = -11*r + 7*r + m. What is the tens digit of r?
4
Suppose -326*x + 4*u = -324*x - 72594, -u = -7. What is the units digit of x?
1
Suppose -28*v + 10868 = -15*v. Let n = v + -429. What is the tens digit of n?
0
Suppose 0 = -5*b - 20, 0 = -3*o + b + 3*b + 4306. Suppose o = 5*h + z, 4*h + 4*z + 1405 = 9*h. What is the tens digit of h?
8
Let r be (4/(36/15))/((-1)/3). Let y be -6 - -2 - (-2904)/(1 - r). Suppose 2*z = -4*j - 0*j + y, 5*z + 347 = 3*j. What is the units digit of j?
9
Let k(m) = 4*m**3 - m**2 - 2*m - 2. Suppose -4*s - r = -5, 0 = -2*s + 2*r + 13 - 3. Suppose -5*o + 4*l - 4 = -s, -o + 5*l = 13. What is the tens digit of k(o)?
2
Suppose -2*u = 3*c - 50684, -4*c - 25375 = 281*u - 282*u. What is the thousands digit of u?
5
What is the thousands digit of (7/((-210)/(-50)))/(125/2101650)?
8
Suppose 760*t = 772*t - 810120. What is the ten thousands digit of t?
6
Suppose 0 = 3*s - 5*r + 31, -5*s - 2*r - 3*r = 105. Let a = 21 + s. What is the tens digit of 749/9 + a*5/(-90)?
8
Let s be (1/2 + 4)*(-4)/(-6). Suppose 2*v - 5*t - 751 = 0, -2*v + s*v = -4*t + 356. What is the tens digit of v?
6
Let f = 58 - 62. Let w(l) = -3*l**2 - 11*l + 1. Let c(t) = 2*t**2 + 10*t. Let m(v) = f*c(v) - 3*w(v). What is the units digit of m(9)?
5
Let y be 7/(-98) + 272591/154. Let r = y - 638. What is the tens digit of r?
3
Let h(d) = 10*d**2 + 1. Let a = -26 + 24. Let b be h(a). Suppose -4*s - b = -381. What is the units digit of s?
5
Suppose -8*f + 3*f + 18656 = -16074. What is the hundreds digit of f?
9
Let u = -480 + 486. Suppose -5*n + 4488 = 3*c, -u*c + 3*c - 894 = -n. What is the units digit of n?
7
Let p be -7 + 50 - (5 - (-1 + 2)). Let d(x) = 9*x - 146. What is the units digit of d(p)?
5
Let h be -11 + 2 - (-2 + -3). What is the tens digit of ((-1)/h)/(6/30936*1)?
8
Suppose 216*u + 184*u - 1354257 = 19176943. What is the units digit of u?
8
Let f be 5 + 8/(32/124). Let a = 413 - f. What is the units digit of a?
7
What is the thousands digit of 10492 + -4 + -11 + 20?
0
Suppose -z + 25 = 24. What is the hundreds digit of ((-6084)/(-8) - z) + (-8)/16?
7
Let u = 12572 + -7049. What is the tens digit of u?
2
What is the units digit of 735/(-147) - (-640 + -3)?
8
Let o(j) = -79*j**3 - 4*j**2 + j + 4. Let z be o(2). Let a = z + 967. Suppose 0 = -4*v - q + a, 3*v - q - 245 = -2*q. What is the units digit of v?
0
Suppose 1532 + 16171 = 7*i. Suppose -27238 - i = -17*l. What is the units digit of l?
1
Let p = -32 + 22. Let k(z) = z**2 - 6*z - 27. Let l be k(p). Let j = l - 77. What is the units digit of j?
6
Suppose 5*t - x - 3*x = -5770, 3*t - 5*x = -3462. Let l = 1632 + t. What is the units digit of l?
8
Let m be 1*3 - (-260 + 7 - 5). Suppose 2*g = -3*n + 1016, -n + 91 = 4*g - m. What is the tens digit of n?
3
Let v(u) be the second derivative of 7*u**3/2 + 2*u**2 - 17*u. Let n be v(-3). Let q = n + 126. What is the units digit of q?
7
Suppose 0 = o + 18 - 15. Let q(j) = j**2 + 4. Let w be q(o). Let k(n) = 5*n - 27. What is the tens digit of k(w)?
3
Let s(x) = 2*x**3 - 2*x**2 + x - 1. Let z be s(2). Let c = z - 15. What is the units digit of (-8)/c*3 - -42?
6
Let f = -23 - -136. Suppose -440 + f = u. What is the tens digit of u/(-5 + 2) + 1 + -4?
0
Suppose -1088 + 140 = -3*y. Let l = 1033 - y. What is the hundreds digit of l?
7
Suppose -3*p = 40*j - 35*j - 24820, -3*j - 8236 = -p. What is the tens digit of p?
6
Let d = -26 + 32. Suppose 2*w + 2*a - 3 = w, 2*w + a = d. Suppose -w*m + 3*i = i - 271, -3*m = 3*i - 291. What is the units digit of m?
3
Let j = 17739 - 10547. What is the tens digit of j?
9
Let d be 28/(2*4/116). Suppose -2 = 2*z - 8, -o + 4*z + d = 0. What is the units digit of o?
8
Let w(d) = d**3 - 3*d**2 + d + 35. Let j be w(-5). Let r = 244 - j. What is the tens digit of r?
1
Let o(n) = 2*n**2 - 13*n + 5. Let g be o(7). Suppose g + 120 = 3*k. What is the units digit of k?
4
Let l be (2/2)/(-2 - -3)*1. Let w be -2 - ((-12)/16)/(l/12). Suppose f = -5*d - w + 379, -2 = -f. What is the units digit of d?
4
Suppose -9*l + 4*l + 3 = 4*v, 5*l - 1 = -3*v. Suppose 2*h + 5*m + 885 = 0, m + 373 = -h - 62. What is the hundreds digit of h*-3*l/(-6)?
2
Suppose 0 = -4*g + 2*d + 12, 45*g - 47*g - d - 2 = 0. What is the tens digit of g/(-6) - (-4829)/66?
7
Let u(z) = 4067*z**2 + 21*z - 3. What is the units digit of u(1)?
5
Let o(u) = u - 8. Let b be o(-7). Let m(j) = -j**2 - 17*j - 30. Let y be m(b). Suppose -2*s + 270 - 90 = y. What is the units digit of s?
0
Suppose -7*b = -4*b + 177. Let g be 614/4*(0 + 2). Let c = g + b. What is the units digit of c?
8
Let t(f) be the first derivative of -f**3/3 - 2*f**2 - 13. Let u be t(-4). Suppose -3*h + 108 = -u*h. What is the tens digit of h?
3
Suppose -12 = 68*p - 70*p. Let h be 48 + 0*((-21)/p)/(-7). Let z = h + -23. What is the units digit of z?
5
Let u = 13030 + -3890. What is the hundreds digit of u?
1
Let a(b) = b**3 + 17*b**2 - 24*b + 48. Let l be a(-21). Let s = -777 - l. What is the tens digit of s?
3
Let r be ((-6)/(-4))/(-2*(-12)/(-128)). What is the hundreds digit of r/(-32) - (-15015)/20?
7
Suppose 3*l - i - 26621 = 0, 0 = -l - 4*l - 4*i + 44374. What is the tens digit of l?
7
Let m = -6966 - -20767. What is the units digit of m?
1
Let w be 0 + 10/2 + 0. Suppose -119*h = 281 - 757. Suppose 0 = a, h*k + w*a + 0*a = 444. What is the units digit of k?
1
Suppose -9*j = j - 50. Suppose 4*w = 5*g - 90, -2*g = 3*g + j*w - 135. Let p = 159 - g. What is the units digit of p?
7
What is the hundreds digit of 2047 - 25 - 11 - -23?
0
Let w(q) = -89*q**3 - 45*q**2 - 247*q + 35. What is the tens digit of w(-7)?
8
Suppose -4*l + 4*p + 32 = 0, -5*l - 14*p + 10*p = -13. Suppose 4*s - o - 148 = -5*o, 0 = l*o - 25. What is the tens digit of s?
3
Suppose -558*a - 59751 = -567*a. What is the thousands digit of a?
6
Suppose -113 = -21*u - 29. Suppose -u*k - 266 = -o - 1895, -1604 = -4*k - 4*o. What is the hundreds digit of k?
4
Suppose 5*o + 666 = r - 5943, -2*r - 3*o = -13179. What is the hundreds digit of r?
5
Suppose 29*s - 167056 = 226*s -